he greatest common factor of 355 and 291?
1
Calculate the greatest common divisor of 2560 and 219520.
640
Calculate the highest common divisor of 963 and 920093.
107
Calculate the highest common factor of 25683 and 231.
21
What is the greatest common divisor of 7410 and 129105?
285
Calculate the greatest common factor of 431715 and 510.
255
Calculate the highest common divisor of 3320763 and 2346.
1173
What is the highest common factor of 100531 and 878?
439
What is the greatest common factor of 168850 and 614?
614
Calculate the highest common factor of 30 and 2870930.
10
Calculate the highest common factor of 86 and 1376.
86
What is the highest common divisor of 4020 and 2430?
30
Calculate the highest common divisor of 1816 and 24.
8
Calculate the highest common factor of 2107 and 903.
301
What is the highest common divisor of 91368 and 36801?
1269
Calculate the highest common factor of 50999 and 13.
13
What is the highest common factor of 269148 and 132?
132
Calculate the greatest common divisor of 12 and 227964.
12
Calculate the highest common divisor of 23 and 496501.
23
Calculate the highest common divisor of 6952 and 8848.
632
What is the highest common factor of 70 and 13531?
7
What is the highest common divisor of 3400 and 75680?
40
Calculate the greatest common factor of 4 and 656436.
4
Calculate the greatest common divisor of 8955 and 645.
15
Calculate the highest common divisor of 11894 and 76.
38
Calculate the highest common factor of 439377 and 1503.
501
What is the greatest common factor of 47485 and 5?
5
What is the greatest common divisor of 1408 and 8338?
22
What is the greatest common divisor of 290 and 250966?
58
Calculate the highest common factor of 140 and 256655.
35
What is the greatest common divisor of 1113117 and 465?
93
Calculate the highest common factor of 488 and 258640.
488
What is the highest common divisor of 45330 and 135?
15
What is the greatest common factor of 961 and 15128?
31
Calculate the highest common factor of 32522 and 28.
14
What is the highest common divisor of 13423 and 1457?
31
What is the highest common divisor of 22095 and 80524?
491
Calculate the highest common factor of 600 and 18075.
75
What is the highest common divisor of 427 and 656177?
61
Calculate the highest common factor of 24533 and 7.
1
What is the highest common factor of 56777 and 7?
7
Calculate the highest common divisor of 26585 and 195.
65
Calculate the greatest common divisor of 35 and 80381.
7
Calculate the highest common divisor of 1074 and 182222.
358
Calculate the greatest common divisor of 16107 and 708.
177
Calculate the greatest common divisor of 29169 and 6.
3
Calculate the greatest common factor of 169025 and 175.
25
Calculate the greatest common divisor of 107328 and 273.
39
Calculate the greatest common factor of 1446016 and 96.
32
What is the greatest common factor of 21299 and 19?
19
What is the highest common factor of 1300 and 21925?
25
Calculate the highest common divisor of 8295 and 1995.
105
Calculate the greatest common divisor of 1760 and 1090.
10
Calculate the greatest common factor of 6325 and 46299.
253
Calculate the highest common factor of 112 and 2828.
28
What is the greatest common divisor of 2287 and 14?
1
What is the highest common factor of 58944 and 768?
192
Calculate the highest common factor of 2016 and 636132.
84
Calculate the greatest common factor of 1130961 and 7404.
1851
What is the highest common divisor of 118162 and 22?
22
What is the highest common divisor of 2650146 and 426?
426
What is the greatest common divisor of 5095 and 15?
5
What is the highest common divisor of 15860646 and 18?
18
Calculate the greatest common divisor of 263836 and 568.
284
Calculate the highest common divisor of 82694 and 1211.
173
What is the highest common divisor of 16065 and 4896?
153
Calculate the greatest common divisor of 19920 and 11371.
83
Calculate the greatest common divisor of 516 and 5796.
12
What is the highest common factor of 188031 and 1883?
269
What is the highest common factor of 290 and 73805?
145
What is the highest common divisor of 150 and 1364050?
50
Calculate the greatest common divisor of 40484 and 212.
4
Calculate the greatest common divisor of 16 and 206592.
16
Calculate the highest common factor of 4568 and 424.
8
Calculate the greatest common factor of 192285 and 45.
45
What is the greatest common factor of 37298 and 986?
34
What is the highest common factor of 126 and 28332?
18
What is the highest common divisor of 5291 and 12617?
407
Calculate the highest common divisor of 6715 and 9875.
395
Calculate the highest common factor of 382166 and 38.
38
What is the greatest common factor of 22827 and 651?
21
Calculate the highest common divisor of 1971 and 10147.
73
Calculate the highest common divisor of 15708 and 60.
12
What is the highest common divisor of 77 and 361559?
11
What is the greatest common factor of 52865 and 31610?
545
What is the highest common divisor of 235248 and 5070?
1014
Calculate the greatest common factor of 1040 and 193232.
208
What is the greatest common factor of 384 and 142656?
192
Calculate the greatest common divisor of 130 and 200590.
130
What is the highest common divisor of 2271 and 517031?
757
Calculate the highest common divisor of 7998 and 28396.
62
What is the greatest common divisor of 27 and 16947?
9
Calculate the greatest common factor of 29177 and 163.
163
What is the highest common divisor of 19 and 256234?
19
What is the greatest common divisor of 58695 and 910?
455
What is the greatest common factor of 238434 and 441?
147
What is the greatest common divisor of 1540 and 28420?
140
What is the highest common divisor of 2 and 14024?
2
What is the highest common factor of 66598 and 1206?
134
What is the highest common divisor of 3785 and 394397?
757
What is the greatest common factor of 420246 and 1332?
666
What is the greatest common factor of 1384 and 78196?
692
Calculate the greatest common divisor of 50940 and 80.
20
Calculate the highest common factor of 361 and 536807.
361
Calculate the highest common divisor of 8 and 7805848.
8
Calculate the highest common factor of 404 and 27766.
2
Calculate the greatest common divisor of 490383 and 618.
309
Calculate the greatest common divisor of 2323 and 909.
101
What is the greatest common factor of 28 and 3388?
28
Calculate the highest common factor of 38680 and 80.
40
Calculate the greatest common divisor of 702 and 3614.
26
What is the greatest common divisor of 7896 and 91?
7
What is the highest common factor of 40946 and 1735?
347
What is the highest common divisor of 2860 and 2695?
55
Calculate the greatest common factor of 150 and 96435.
15
What is the highest common factor of 49138 and 15550?
622
Calculate the greatest common factor of 920 and 1000.
40
Calculate the greatest common divisor of 1656 and 71254.
46
Calculate the highest common factor of 182 and 2674.
14
What is the greatest common divisor of 1696937 and 11?
11
What is the highest common factor of 286 and 9542?
26
Calculate the greatest common factor of 117 and 403.
13
Calculate the greatest common factor of 9 and 136062.
9
What is the greatest common divisor of 1254304 and 32?
32
What is the greatest common divisor of 31438 and 22?
22
What is the greatest common divisor of 6972 and 3024?
84
Calculate the highest common factor of 1085 and 97433.
217
Calculate the greatest common factor of 266 and 946960.
266
What is the highest common factor of 40 and 579608?
8
What is the highest common divisor of 290 and 1951700?
290
What is the greatest common factor of 16986 and 456?
114
What is the greatest common divisor of 2200 and 398?
2
What is the highest common factor of 11 and 352?
11
Calculate the highest common factor of 824 and 88.
8
What is the greatest common factor of 12563 and 272?
17
What is the greatest common factor of 1372 and 1484847?
343
Calculate the greatest common factor of 4743 and 3689.
527
Calculate the greatest common factor of 985 and 426899.
197
Calculate the highest common factor of 13 and 3115047.
13
Calculate the highest common divisor of 232050 and 3536.
442
Calculate the highest common factor of 15998 and 32.
2
What is the highest common divisor of 1389636 and 324?
324
Calculate the greatest common div